 = -8 - h. What is the greatest common divisor of u and s?
9
Suppose 5*p = -34 - 106. Let u = 47 + p. What is the highest common divisor of u and 247?
19
Let m be ((-36)/27 - -2)*3. Calculate the greatest common divisor of m and 32.
2
Suppose 3*u + 215 = -907. Let x = 208 + u. Let b = -30 - x. What is the greatest common divisor of 17 and b?
17
Let g be 13*(-35)/(-21)*9. Calculate the greatest common factor of 845 and g.
65
Suppose -4*h - 2 = 5*w, -3*w - 2*w = -3*h - 19. Let c(t) = t**3 - 3*t**2 + 3*t. Let u be c(w). Calculate the highest common divisor of u and 18.
2
Suppose 18*l = -54*l + 15552. Calculate the highest common factor of 144 and l.
72
Let r = -53 + 54. Let f be (r + 1)/((-1)/(-14)*7). What is the highest common divisor of f and 10?
2
Suppose 17*k = 21*k - 12. Suppose -2*n - 3*n = -5*y - 60, -4*n + 52 = -k*y. What is the greatest common factor of 64 and n?
16
Let o be 0*(-1)/(2 - 1). Suppose -u + 29 - 5 = 5*z, o = -3*z + 4*u + 19. Suppose -116 = g - z*g. Calculate the highest common divisor of 319 and g.
29
Let o = -359 - -503. What is the greatest common factor of 9 and o?
9
Suppose 174 = -v + 8. Let q = v + 65. Let b = q - -176. Calculate the highest common divisor of 15 and b.
15
Let i be (24/(-14))/((-4)/7574). Suppose 0 = 5*x - 1434 - i. Suppose 4*y - 3*f + 85 = x, 5*y - 2*f = 1055. Calculate the greatest common divisor of 19 and y.
19
Suppose -5*l + 0*l = -60. Let y = -798 + 858. What is the greatest common factor of y and l?
12
Let t be -6 + (4 - 1550/(1 + -6)). What is the highest common factor of 7 and t?
7
Let h(y) = -22*y - 26. Let t be h(-4). Let z = t + -46. What is the greatest common divisor of 288 and z?
16
Let c = -902 + 910. What is the highest common divisor of c and 1280?
8
Let j(r) = 2*r. Let m be j(2). Suppose -25*z + 44 = -14*z. What is the highest common divisor of m and z?
4
Suppose 4*j - 7*j = 0. Suppose -3*a = 5*w - a - 870, -3*a - 15 = j. Calculate the highest common divisor of w and 16.
16
Let r be (-18)/((-2)/(16/12)). Suppose -161 - 379 = -r*l. Let g(v) = -v + 30. Let y be g(0). What is the highest common factor of y and l?
15
Suppose -2*p = 7 - 35. Calculate the greatest common divisor of 161 and p.
7
Suppose -p = -13 + 3. What is the greatest common factor of p and 10?
10
Suppose -4*a + 26 = 3*b, 2*a - 3*a = -2*b + 10. Let v be (b - (-130)/(-25))*15. Let d be -1 + 0 - (-49)/1. Calculate the greatest common factor of v and d.
12
Let t be (-7)/2 + (-11)/(-22). Let v be t + (1 - -5) + 1. Calculate the highest common divisor of v and 1.
1
Let d = 17 + -9. Let f be 112/252 + (-136)/(-18). Calculate the greatest common divisor of f and d.
8
Suppose -m + k = -2, -4*k = -2*k + 6. Suppose 7 = -3*r + 5*q - 22, 0 = -r - 3*q + 9. Let i be r - -4 - (0 + m). Calculate the highest common factor of i and 6.
2
Let r = -53 - -93. Suppose 30*f = 235 + 5. What is the greatest common factor of r and f?
8
Let r be ((-54)/(-13) - 50/325) + 76. What is the highest common divisor of 96 and r?
16
Let y be (-85)/(-15) + (-4)/6. Suppose 0 = 9*i - y*i - 16. Calculate the greatest common divisor of 44 and i.
4
Suppose -219*j = -216*j - 516. What is the highest common divisor of 129 and j?
43
Suppose 12*u = 17*u - 685. Let z = u - 82. Calculate the highest common divisor of 33 and z.
11
Suppose 3*p + p = -9*p. Suppose -z + 2*y - 2 = -13, -y + 4 = p. What is the greatest common divisor of 76 and z?
19
Suppose -x - 8 = -5*k - 17, -3*k + 4*x = 19. Let u be (-2)/(-7) - 23/7. Let t be ((1 - k) + u)*-6. What is the greatest common factor of t and 2?
2
Let g(q) = -3*q - 21. Let k be g(-10). Let d = k + -3. Let p(a) = -17*a + 3. Let s be p(-3). Calculate the highest common divisor of s and d.
6
Let s(l) = l**2 - 1. Let y be s(-2). Let p be (-7 - -67)/(2/y). Suppose -b + 4*b = p. Calculate the highest common factor of 75 and b.
15
Let p be 12/(-36)*21 - -1*51. Let k = 65 - 43. Let u be 3/(6/k)*1. Calculate the highest common divisor of p and u.
11
Let g be (12 - 0)/((-9)/(-24)). Calculate the greatest common divisor of g and 10.
2
Suppose 21*b - 3936 = 15*b. What is the greatest common divisor of b and 41?
41
Let w = -92 - -213. Let t = w - 93. What is the highest common divisor of t and 42?
14
Let d(u) = -13*u - 224. Let z be d(-24). What is the highest common divisor of z and 1?
1
Let u be 2 + -7 + 168 + 12. Calculate the highest common factor of u and 50.
25
Let b(p) = p**3 + 4*p**2 - p - 4. Let m be b(4). Suppose -5*g + m = -g. Let j be (-2)/(-3)*g/4. What is the highest common divisor of j and 5?
5
Let m be 3 - 5 - (2 - 4). Suppose m = -10*i + i + 1539. What is the greatest common divisor of i and 19?
19
Let m be 9/1 + (-8 - -4). Suppose 2*t = -2*z - 6, -4*z + 0*z + m*t + 33 = 0. Suppose k + 12 = z*k. Calculate the greatest common factor of k and 108.
12
Suppose -2 = -8*n + 1054. Calculate the highest common divisor of 44 and n.
44
Let l be -5 - (1 + 18)/((-14)/826). What is the greatest common divisor of l and 36?
36
Let c = -4 + 18. Suppose 2*k = -p - 4, 2*k + 3*k = 2*p - 19. Suppose 52 - 164 = -p*j. What is the highest common divisor of j and c?
14
Suppose -10*m + 2210 = 1680. What is the highest common divisor of 3392 and m?
53
Let y be 30/7*(1 - -6). Let h be (12/(-18))/(2/(-12)). Let d = 24 - h. What is the highest common divisor of y and d?
10
Let d be 11/((-28)/30 - -1). Suppose -255*i + 195 = -242*i. What is the greatest common divisor of d and i?
15
Let c = 8 + -7. Let k be ((-7)/1)/(c/2). Let y be (-1 - k/(-4))*-2. Calculate the highest common factor of 45 and y.
9
Let v(r) = r + 16. Let w be v(-7). Suppose -11*c = -14*c + w. Let a = c - -8. Calculate the highest common factor of a and 33.
11
Let t(j) = -j**3 + 25*j**2 - 44*j + 6. Let i be t(23). Calculate the highest common factor of i and 28.
4
Suppose -8908 - 40682 = -29*z. What is the highest common divisor of 90 and z?
90
Let c(m) = -m**3 + m**2 - 3*m. Let j be c(0). Suppose -5*o + 51 = 2*u, j + 15 = 2*o - u. What is the greatest common divisor of o and 9?
9
Let z = -60 - -132. Let x be -1 + 24 + (0 - -3). Suppose -5*h + 2*h - 4*o = -16, 3*o - x = -4*h. Calculate the greatest common factor of z and h.
8
Suppose -241 = -2*s - z + 2*z, -5*s + 604 = -z. Let v = 32 - 40. Let k = v + 19. Calculate the greatest common divisor of s and k.
11
Suppose 2*f + 2 = 18. Suppose 2*x = 6*x. Suppose x = -2*i + 4*g + 140, 118 = 4*i - 2*g - 168. Calculate the greatest common factor of i and f.
8
Let p(w) = 2*w**3 - 4*w**2 - 18*w + 8. Let t be p(5). What is the highest common factor of 17 and t?
17
Let u(g) = -17*g**3 - 2*g**2 + 3*g + 8. Let t be u(-3). What is the greatest common divisor of 20 and t?
20
Let c = 72 + -44. Let s be 0 + c*-2*170/(-40). What is the highest common divisor of s and 34?
34
Suppose -5 + 17 = -4*w. Let o be (7/w)/(8/(-24)). Calculate the highest common divisor of o and 7.
7
Let g(m) = -3*m + 1. Let o be g(-1). Suppose o*b + 6 + 6 = 0, l + 2*b = -2. Suppose 3*c + l - 13 = 0. What is the greatest common factor of c and 9?
3
Suppose -3*h + 355 + 38 = -3*y, 2*y - 506 = -4*h. What is the highest common divisor of h and 96?
32
Suppose -63 = -8*r + 5*r. Let b be (-694)/(-10) - 6/15. Suppose 4*z = 2*z + 2*f + 52, -4*z + b = 3*f. Calculate the greatest common factor of z and r.
21
Let l(u) = -u**2 + 23*u + 39. Let x be l(24). Calculate the highest common divisor of x and 15.
15
Suppose s + 0*s = -2. Let d be s - (-2 + 1)*6. Calculate the greatest common factor of 8 and d.
4
Let w(q) = -q**3 - 6*q**2 + 27*q - 28. Let m be w(-10). What is the highest common factor of 48 and m?
6
Let b(m) = m**3 + 5*m + 6. Let a be b(3). Suppose -96 = -0*i - 4*i. Calculate the greatest common factor of a and i.
24
Let z be (-3)/(-2)*(-2)/(-3). Suppose 0 = -5*y - 5*x + 40, -13 = -4*y + x + 19. Let f be (-5 - y/(-4)) + 4. Calculate the greatest common factor of f and z.
1
Suppose -4*t = -t - 417. Let z = -49 + t. What is the highest common divisor of z and 30?
30
Suppose -4*a = o - 360, -70 = -5*a - 4*o + 380. Calculate the highest common divisor of 240 and a.
30
Let g = -241 + 253. What is the greatest common divisor of 6 and g?
6
Suppose -1088 = 56*h - 58*h. Calculate the highest common factor of 17 and h.
17
Let n be (-20218)/(-19) + 186/(-1767). What is the greatest common factor o